{"id":84,"date":"2023-01-19T13:54:18","date_gmt":"2023-01-19T13:54:18","guid":{"rendered":"https:\/\/2dheal.com\/spain\/?page_id=84"},"modified":"2023-01-20T05:52:56","modified_gmt":"2023-01-20T05:52:56","slug":"home","status":"publish","type":"page","link":"https:\/\/2dheal.com\/spain\/","title":{"rendered":"Home"},"content":{"rendered":"<p>[et_pb_section fb_built=\u00bb1&#8243; theme_builder_area=\u00bbpost_content\u00bb _builder_version=\u00bb4.19.4&#8243; _module_preset=\u00bbdefault\u00bb title_text=\u00bbHeader-image1-1024&#215;684&#8243; background_image=\u00bbhttps:\/\/2dheal.com\/spain\/wp-content\/uploads\/sites\/29\/2023\/01\/Header-image1-1024&#215;684-1.jpg\u00bb hover_enabled=\u00bb0&#8243; sticky_enabled=\u00bb0&#8243;][et_pb_row _builder_version=\u00bb4.19.4&#8243; _module_preset=\u00bbdefault\u00bb theme_builder_area=\u00bbpost_content\u00bb][et_pb_column _builder_version=\u00bb4.19.4&#8243; _module_preset=\u00bbdefault\u00bb type=\u00bb4_4&#8243; theme_builder_area=\u00bbpost_content\u00bb][et_pb_video src=\u00bbhttps:\/\/2dheal.com\/spain\/wp-content\/uploads\/sites\/29\/2023\/01\/2D-Heal1.mp4&#8243; _builder_version=\u00bb4.19.4&#8243; _module_preset=\u00bbdefault\u00bb theme_builder_area=\u00bbpost_content\u00bb title_text=\u00bb2D-Heal1&#8243; hover_enabled=\u00bb0&#8243; sticky_enabled=\u00bb0&#8243;][\/et_pb_video][\/et_pb_column][\/et_pb_row][et_pb_row _builder_version=\u00bb4.19.4&#8243; _module_preset=\u00bbdefault\u00bb theme_builder_area=\u00bbpost_content\u00bb][et_pb_column _builder_version=\u00bb4.19.4&#8243; _module_preset=\u00bbdefault\u00bb type=\u00bb4_4&#8243; theme_builder_area=\u00bbpost_content\u00bb][et_pb_cta title=\u00bbProductos al por mayor de EE. UU. a nivel mundial \/ Cont\u00e1ctenos para obtener ingredientes sin envasar\u00bb button_text=\u00bbClick Here\u00bb _builder_version=\u00bb4.19.4&#8243; _module_preset=\u00bbdefault\u00bb theme_builder_area=\u00bbpost_content\u00bb use_background_color=\u00bboff\u00bb header_level=\u00bbh1&#8243; header_text_color=\u00bb#000000&#8243; body_text_color=\u00bb#424242&#8243; hover_enabled=\u00bb0&#8243; sticky_enabled=\u00bb0&#8243;]<\/p>\n<p>producido a trav\u00e9s de<\/p>\n<p>Yarrowia lipolytica es probablemente la levadura m\u00e1s estudiada despu\u00e9s de S. cerevisiae. Es estrictamente aer\u00f3bico y no pat\u00f3geno y los procesos basados \u200b\u200ben este microorganismo son generalmente reconocidos como seguros (GRAS) por la Administraci\u00f3n Estadounidense de Alimentos y Medicamentos (FDA).<\/p>\n<p>Las levaduras combinan la facilidad de manipulaci\u00f3n gen\u00e9tica y fermentaci\u00f3n de un microorganismo con la capacidad de secretar y modificar prote\u00ednas extra\u00f1as de acuerdo con un esquema eucariota general.<\/p>\n<p>[\/et_pb_cta][\/et_pb_column][\/et_pb_row][\/et_pb_section][et_pb_section fb_built=\u00bb1&#8243; theme_builder_area=\u00bbpost_content\u00bb _builder_version=\u00bb4.19.4&#8243; _module_preset=\u00bbdefault\u00bb][et_pb_row _builder_version=\u00bb4.19.4&#8243; _module_preset=\u00bbdefault\u00bb column_structure=\u00bb1_2,1_2&#8243; theme_builder_area=\u00bbpost_content\u00bb][et_pb_column _builder_version=\u00bb4.19.4&#8243; _module_preset=\u00bbdefault\u00bb type=\u00bb1_2&#8243; theme_builder_area=\u00bbpost_content\u00bb][et_pb_video src=\u00bbhttps:\/\/2dheal.com\/spain\/wp-content\/uploads\/sites\/29\/2023\/01\/2D-Heal2.mp4&#8243; _builder_version=\u00bb4.19.4&#8243; _module_preset=\u00bbdefault\u00bb theme_builder_area=\u00bbpost_content\u00bb title_text=\u00bb2D-Heal2&#8243; hover_enabled=\u00bb0&#8243; sticky_enabled=\u00bb0&#8243;][\/et_pb_video][\/et_pb_column][et_pb_column _builder_version=\u00bb4.19.4&#8243; _module_preset=\u00bbdefault\u00bb type=\u00bb1_2&#8243; theme_builder_area=\u00bbpost_content\u00bb][et_pb_cta title=\u00bbRevolucionario\u00bb button_text=\u00bbClick Here\u00bb _builder_version=\u00bb4.19.4&#8243; _module_preset=\u00bbdefault\u00bb theme_builder_area=\u00bbpost_content\u00bb use_background_color=\u00bboff\u00bb text_orientation=\u00bbleft\u00bb header_text_color=\u00bb#000000&#8243; body_text_color=\u00bb#3f3f3f\u00bb hover_enabled=\u00bb0&#8243; sticky_enabled=\u00bb0&#8243;]<\/p>\n<p>Los productos 2D se fabrican en un entorno estricto sin OMG, metales pesados \u200b\u200bni productos qu\u00edmicos.<\/p>\n<p>Los productos 2D son mucho m\u00e1s que suplementos, son suplementos del futuro<\/p>\n<p>[\/et_pb_cta][\/et_pb_column][\/et_pb_row][\/et_pb_section][et_pb_section fb_built=\u00bb1&#8243; theme_builder_area=\u00bbpost_content\u00bb _builder_version=\u00bb4.19.4&#8243; _module_preset=\u00bbdefault\u00bb hover_enabled=\u00bb0&#8243; sticky_enabled=\u00bb0&#8243; background_color=\u00bbRGBA(255,255,255,0)\u00bb][et_pb_row _builder_version=\u00bb4.19.4&#8243; _module_preset=\u00bbdefault\u00bb column_structure=\u00bb1_2,1_2&#8243; theme_builder_area=\u00bbpost_content\u00bb hover_enabled=\u00bb0&#8243; sticky_enabled=\u00bb0&#8243; use_custom_gutter=\u00bbon\u00bb gutter_width=\u00bb1&#8243; make_equal=\u00bbon\u00bb width=\u00bb100%\u00bb][et_pb_column _builder_version=\u00bb4.19.4&#8243; _module_preset=\u00bbdefault\u00bb type=\u00bb1_2&#8243; theme_builder_area=\u00bbpost_content\u00bb title_text=\u00bbImage-cosmetics-8&#8243; background_image=\u00bbhttps:\/\/2dheal.com\/spain\/wp-content\/uploads\/sites\/29\/2023\/01\/Image-cosmetics-8.jpg\u00bb hover_enabled=\u00bb0&#8243; sticky_enabled=\u00bb0&#8243;][\/et_pb_column][et_pb_column _builder_version=\u00bb4.19.4&#8243; _module_preset=\u00bbdefault\u00bb type=\u00bb1_2&#8243; theme_builder_area=\u00bbpost_content\u00bb][et_pb_cta title=\u00bbMecanismo de absorci\u00f3n s\u00faper eficiente\u00bb button_text=\u00bbExplorar productos\u00bb _builder_version=\u00bb4.19.4&#8243; _module_preset=\u00bbdefault\u00bb theme_builder_area=\u00bbpost_content\u00bb button_url=\u00bb@ET-DC@eyJkeW5hbWljIjp0cnVlLCJjb250ZW50IjoicG9zdF9saW5rX3VybF9wYWdlIiwic2V0dGluZ3MiOnsicG9zdF9pZCI6IjI2In19@\u00bb _dynamic_attributes=\u00bbbutton_url\u00bb background_color=\u00bb#0e1c51&#8243; text_orientation=\u00bbleft\u00bb hover_enabled=\u00bb0&#8243; sticky_enabled=\u00bb0&#8243;]<\/p>\n<p>Las prote\u00ednas regulares de los extractos de alimentos son destruidas por el sistema digestivo humano. Mientras que los suplementos 2D est\u00e1n dise\u00f1ados para ser diseccionados por la pepsina en prote\u00ednas cortas para su absorci\u00f3n.<\/p>\n<p>Adem\u00e1s, las prote\u00ednas 2D pueden alcanzar hasta el 6 % del peso del producto, que normalmente es decenas de miles de veces m\u00e1s que otras marcas.<\/p>\n<p>[\/et_pb_cta][\/et_pb_column][\/et_pb_row][\/et_pb_section][et_pb_section fb_built=\u00bb1&#8243; theme_builder_area=\u00bbpost_content\u00bb _builder_version=\u00bb4.19.4&#8243; _module_preset=\u00bbdefault\u00bb title_text=\u00bbFooter-image8-1024&#215;740&#8243; hover_enabled=\u00bb0&#8243; sticky_enabled=\u00bb0&#8243;][et_pb_row _builder_version=\u00bb4.19.4&#8243; _module_preset=\u00bbdefault\u00bb theme_builder_area=\u00bbpost_content\u00bb][et_pb_column _builder_version=\u00bb4.19.4&#8243; _module_preset=\u00bbdefault\u00bb type=\u00bb4_4&#8243; theme_builder_area=\u00bbpost_content\u00bb][et_pb_shop _builder_version=\u00bb4.19.4&#8243; _module_preset=\u00bbdefault\u00bb theme_builder_area=\u00bbpost_content\u00bb posts_number=\u00bb4&#8243; hover_enabled=\u00bb0&#8243; sticky_enabled=\u00bb0&#8243;][\/et_pb_shop][\/et_pb_column][\/et_pb_row][\/et_pb_section][et_pb_section fb_built=\u00bb1&#8243; theme_builder_area=\u00bbpost_content\u00bb _builder_version=\u00bb4.19.4&#8243; _module_preset=\u00bbdefault\u00bb title_text=\u00bbFooter-image8-1024&#215;740&#8243; background_image=\u00bbhttps:\/\/2dheal.com\/spain\/wp-content\/uploads\/sites\/29\/2023\/01\/Footer-image8-1024&#215;740-1.jpg\u00bb hover_enabled=\u00bb0&#8243; sticky_enabled=\u00bb0&#8243;][et_pb_row _builder_version=\u00bb4.19.4&#8243; _module_preset=\u00bbdefault\u00bb theme_builder_area=\u00bbpost_content\u00bb][et_pb_column _builder_version=\u00bb4.19.4&#8243; _module_preset=\u00bbdefault\u00bb type=\u00bb4_4&#8243; theme_builder_area=\u00bbpost_content\u00bb][et_pb_code _builder_version=\u00bb4.19.4&#8243; _module_preset=\u00bbdefault\u00bb theme_builder_area=\u00bbpost_content\u00bb hover_enabled=\u00bb0&#8243; sticky_enabled=\u00bb0&#8243;][mailpoet_form id=\u00bb1&#8243;][\/et_pb_code][\/et_pb_column][\/et_pb_row][\/et_pb_section]<\/p>\n","protected":false},"excerpt":{"rendered":"<p>producido a trav\u00e9s de Yarrowia lipolytica es probablemente la levadura m\u00e1s estudiada despu\u00e9s de S. cerevisiae. Es estrictamente aer\u00f3bico y no pat\u00f3geno y los procesos basados \u200b\u200ben este microorganismo son generalmente reconocidos como seguros (GRAS) por la Administraci\u00f3n Estadounidense de Alimentos y Medicamentos (FDA). Las levaduras combinan la facilidad de manipulaci\u00f3n gen\u00e9tica y fermentaci\u00f3n de [&hellip;]<\/p>\n","protected":false},"author":2,"featured_media":0,"parent":0,"menu_order":0,"comment_status":"closed","ping_status":"closed","template":"","meta":{"_acf_changed":false,"_et_pb_use_builder":"on","_et_pb_old_content":"","_et_gb_content_width":"","footnotes":""},"class_list":["post-84","page","type-page","status-publish","hentry"],"acf":[],"yoast_head":"<!-- This site is optimized with the Yoast SEO plugin v27.5 - https:\/\/yoast.com\/product\/yoast-seo-wordpress\/ -->\n<title>Home - 2DHeal Spain<\/title>\n<meta name=\"robots\" content=\"index, follow, max-snippet:-1, max-image-preview:large, max-video-preview:-1\" \/>\n<link rel=\"canonical\" href=\"https:\/\/2dheal.com\/spain\/\" \/>\n<meta property=\"og:locale\" content=\"es_ES\" \/>\n<meta property=\"og:type\" content=\"article\" \/>\n<meta property=\"og:title\" content=\"Home - 2DHeal Spain\" \/>\n<meta property=\"og:description\" content=\"producido a trav\u00e9s de Yarrowia lipolytica es probablemente la levadura m\u00e1s estudiada despu\u00e9s de S. cerevisiae. Es estrictamente aer\u00f3bico y no pat\u00f3geno y los procesos basados \u200b\u200ben este microorganismo son generalmente reconocidos como seguros (GRAS) por la Administraci\u00f3n Estadounidense de Alimentos y Medicamentos (FDA). Las levaduras combinan la facilidad de manipulaci\u00f3n gen\u00e9tica y fermentaci\u00f3n de [&hellip;]\" \/>\n<meta property=\"og:url\" content=\"https:\/\/2dheal.com\/spain\/\" \/>\n<meta property=\"og:site_name\" content=\"2DHeal Spain\" \/>\n<meta property=\"article:modified_time\" content=\"2023-01-20T05:52:56+00:00\" \/>\n<meta name=\"twitter:card\" content=\"summary_large_image\" \/>\n<meta name=\"twitter:label1\" content=\"Tiempo de lectura\" \/>\n\t<meta name=\"twitter:data1\" content=\"4 minutos\" \/>\n<script type=\"application\/ld+json\" class=\"yoast-schema-graph\">{\"@context\":\"https:\\\/\\\/schema.org\",\"@graph\":[{\"@type\":\"WebPage\",\"@id\":\"https:\\\/\\\/2dheal.com\\\/spain\\\/\",\"url\":\"https:\\\/\\\/2dheal.com\\\/spain\\\/\",\"name\":\"Home - 2DHeal Spain\",\"isPartOf\":{\"@id\":\"https:\\\/\\\/2dheal.com\\\/spain\\\/#website\"},\"datePublished\":\"2023-01-19T13:54:18+00:00\",\"dateModified\":\"2023-01-20T05:52:56+00:00\",\"breadcrumb\":{\"@id\":\"https:\\\/\\\/2dheal.com\\\/spain\\\/#breadcrumb\"},\"inLanguage\":\"es\",\"potentialAction\":[{\"@type\":\"ReadAction\",\"target\":[\"https:\\\/\\\/2dheal.com\\\/spain\\\/\"]}]},{\"@type\":\"BreadcrumbList\",\"@id\":\"https:\\\/\\\/2dheal.com\\\/spain\\\/#breadcrumb\",\"itemListElement\":[{\"@type\":\"ListItem\",\"position\":1,\"name\":\"Home\",\"item\":\"https:\\\/\\\/2dheal.com\\\/spain\\\/\"},{\"@type\":\"ListItem\",\"position\":2,\"name\":\"Home\"}]},{\"@type\":\"WebSite\",\"@id\":\"https:\\\/\\\/2dheal.com\\\/spain\\\/#website\",\"url\":\"https:\\\/\\\/2dheal.com\\\/spain\\\/\",\"name\":\"2DHeal Spain\",\"description\":\"All Products Fermented Protein\",\"potentialAction\":[{\"@type\":\"SearchAction\",\"target\":{\"@type\":\"EntryPoint\",\"urlTemplate\":\"https:\\\/\\\/2dheal.com\\\/spain\\\/?s={search_term_string}\"},\"query-input\":{\"@type\":\"PropertyValueSpecification\",\"valueRequired\":true,\"valueName\":\"search_term_string\"}}],\"inLanguage\":\"es\"}]}<\/script>\n<!-- \/ Yoast SEO plugin. -->","yoast_head_json":{"title":"Home - 2DHeal Spain","robots":{"index":"index","follow":"follow","max-snippet":"max-snippet:-1","max-image-preview":"max-image-preview:large","max-video-preview":"max-video-preview:-1"},"canonical":"https:\/\/2dheal.com\/spain\/","og_locale":"es_ES","og_type":"article","og_title":"Home - 2DHeal Spain","og_description":"producido a trav\u00e9s de Yarrowia lipolytica es probablemente la levadura m\u00e1s estudiada despu\u00e9s de S. cerevisiae. Es estrictamente aer\u00f3bico y no pat\u00f3geno y los procesos basados \u200b\u200ben este microorganismo son generalmente reconocidos como seguros (GRAS) por la Administraci\u00f3n Estadounidense de Alimentos y Medicamentos (FDA). Las levaduras combinan la facilidad de manipulaci\u00f3n gen\u00e9tica y fermentaci\u00f3n de [&hellip;]","og_url":"https:\/\/2dheal.com\/spain\/","og_site_name":"2DHeal Spain","article_modified_time":"2023-01-20T05:52:56+00:00","twitter_card":"summary_large_image","twitter_misc":{"Tiempo de lectura":"4 minutos"},"schema":{"@context":"https:\/\/schema.org","@graph":[{"@type":"WebPage","@id":"https:\/\/2dheal.com\/spain\/","url":"https:\/\/2dheal.com\/spain\/","name":"Home - 2DHeal Spain","isPartOf":{"@id":"https:\/\/2dheal.com\/spain\/#website"},"datePublished":"2023-01-19T13:54:18+00:00","dateModified":"2023-01-20T05:52:56+00:00","breadcrumb":{"@id":"https:\/\/2dheal.com\/spain\/#breadcrumb"},"inLanguage":"es","potentialAction":[{"@type":"ReadAction","target":["https:\/\/2dheal.com\/spain\/"]}]},{"@type":"BreadcrumbList","@id":"https:\/\/2dheal.com\/spain\/#breadcrumb","itemListElement":[{"@type":"ListItem","position":1,"name":"Home","item":"https:\/\/2dheal.com\/spain\/"},{"@type":"ListItem","position":2,"name":"Home"}]},{"@type":"WebSite","@id":"https:\/\/2dheal.com\/spain\/#website","url":"https:\/\/2dheal.com\/spain\/","name":"2DHeal Spain","description":"All Products Fermented Protein","potentialAction":[{"@type":"SearchAction","target":{"@type":"EntryPoint","urlTemplate":"https:\/\/2dheal.com\/spain\/?s={search_term_string}"},"query-input":{"@type":"PropertyValueSpecification","valueRequired":true,"valueName":"search_term_string"}}],"inLanguage":"es"}]}},"jetpack_sharing_enabled":true,"_links":{"self":[{"href":"https:\/\/2dheal.com\/spain\/wp-json\/wp\/v2\/pages\/84","targetHints":{"allow":["GET"]}}],"collection":[{"href":"https:\/\/2dheal.com\/spain\/wp-json\/wp\/v2\/pages"}],"about":[{"href":"https:\/\/2dheal.com\/spain\/wp-json\/wp\/v2\/types\/page"}],"author":[{"embeddable":true,"href":"https:\/\/2dheal.com\/spain\/wp-json\/wp\/v2\/users\/2"}],"replies":[{"embeddable":true,"href":"https:\/\/2dheal.com\/spain\/wp-json\/wp\/v2\/comments?post=84"}],"version-history":[{"count":9,"href":"https:\/\/2dheal.com\/spain\/wp-json\/wp\/v2\/pages\/84\/revisions"}],"predecessor-version":[{"id":110,"href":"https:\/\/2dheal.com\/spain\/wp-json\/wp\/v2\/pages\/84\/revisions\/110"}],"wp:attachment":[{"href":"https:\/\/2dheal.com\/spain\/wp-json\/wp\/v2\/media?parent=84"}],"curies":[{"name":"wp","href":"https:\/\/api.w.org\/{rel}","templated":true}]}}